{"id":18,"date":"2023-04-27T11:30:03","date_gmt":"2023-04-27T11:30:03","guid":{"rendered":"http:\/\/www.gammadelta.pl\/?page_id=18"},"modified":"2025-01-15T16:36:16","modified_gmt":"2025-01-15T16:36:16","slug":"major-publications","status":"publish","type":"page","link":"http:\/\/www.gammadelta.pl\/index.php\/major-publications\/","title":{"rendered":"Major publications"},"content":{"rendered":"\n<p>[1]K. Janeczek, W. Kowalska, M. <strong>Zarobkiewicz<\/strong>, D. Suszczyk, M. Miko\u0142ajczyk, E. Markut-Miot\u0142a, I. Morawska-Michalska, A. Bakiera, A. Tomczak, A. Kaczy\u0144ska, A. Emeryk, J. Roli\u0144ski, K. Piotrowska-Weryszko, Effect of immunostimulation with bacterial lysate on the clinical course of allergic rhinitis and the level of \u03b3\u03b4T, iNKT and cytotoxic T cells in children sensitized to grass pollen allergens: A randomized controlled trial, Front. Immunol. 14 (2023) 1073788. <a href=\"https:\/\/doi.org\/10.3389\/fimmu.2023.1073788\">https:\/\/doi.org\/10.3389\/fimmu.2023.1073788<\/a>. <\/p>\n\n\n\n<p>[2]D. Kabelitz, M. <strong>Zarobkiewicz<\/strong>, M. Heib, R. Serrano, M. Kunz, G. Chitadze, D. Adam, C. Peters, Signal strength of STING activation determines cytokine plasticity and cell death in human monocytes, Sci Rep. 12 (2022) 17827. <a href=\"https:\/\/doi.org\/10.1038\/s41598-022-20519-7\">https:\/\/doi.org\/10.1038\/s41598-022-20519-7<\/a>. <\/p>\n\n\n\n<p>[3]R. Serrano, M. Lettau, M. <strong>Zarobkiewicz<\/strong>, D. Wesch, C. Peters, D. Kabelitz, Stimulatory and inhibitory activity of STING ligands on tumor-reactive human gamma\/delta T cells, OncoImmunology. 11 (2022) 2030021. <a href=\"https:\/\/doi.org\/10.1080\/2162402X.2022.2030021\">https:\/\/doi.org\/10.1080\/2162402X.2022.2030021<\/a>. <\/p>\n\n\n\n<p>[4]M.K. <strong>Zarobkiewicz<\/strong>, E. Wawryk-Gawda, W. Kowalska, M. Janiszewska, A. Bojarska-Junak, \u03b3\u03b4 T Lymphocytes in Asthma: a Complicated Picture, Archivum Immunologiae et Therapiae Experimentalis. 69 (2021). <a href=\"https:\/\/doi.org\/10.1007\/s00005-021-00608-7\">https:\/\/doi.org\/10.1007\/s00005-021-00608-7<\/a>. <\/p>\n\n\n\n<p>[5]M.K. <strong>Zarobkiewicz<\/strong>, A.A. Bojarska-Junak, The Mysterious Actor\u2014\u03b3\u03b4 T Lymphocytes in Chronic Lymphocytic Leukaemia (CLL), Cells. 11 (2022) 661. <a href=\"https:\/\/doi.org\/10.3390\/cells11040661\">https:\/\/doi.org\/10.3390\/cells11040661<\/a>. <\/p>\n\n\n\n<p>[6]M.K. <strong>Zarobkiewicz<\/strong>, W. Kowalska, J. Roli\u0144ski, A.A. Bojarska-Junak, \u03b3\u03b4 T lymphocytes in the pathogenesis of multiple sclerosis and experimental autoimmune encephalomyelitis, Journal of Neuroimmunology. 330 (2019) 67\u201373. <a href=\"https:\/\/doi.org\/10.1016\/j.jneuroim.2019.02.009\">https:\/\/doi.org\/10.1016\/j.jneuroim.2019.02.009<\/a>. <\/p>\n\n\n\n<p>[7]M.K. <strong>Zarobkiewicz<\/strong>, W. Kowalska, P. Halczuk, J. Wo\u015b, B. Jod\u0142owska-J\u0119drych, K. Rejdak, J. Roli\u0144ski, A.A. Bojarska-Junak, ROR\u03b3T is overexpressed in iNKT and \u03b3\u03b4 T cells during relapse in relapsing-remitting multiple sclerosis, Journal of Neuroimmunology. (2019) 577046. <a href=\"https:\/\/doi.org\/10.1016\/j.jneuroim.2019.577046\">https:\/\/doi.org\/10.1016\/j.jneuroim.2019.577046<\/a>.<\/p>\n\n\n\n<p>[8]Kabelitz, D., L. Cierna, C. Juraske, M. <strong>Zarobkiewicz<\/strong>, W.W. Schamel,  C. Peters. \u201eEmpowering \u0393\u03b4 T-Cell Functionality with Vitamin C\u201d. European Journal of Immunology, (2024). <a href=\"https:\/\/doi.org\/10.1002\/eji.202451028\" target=\"_blank\" rel=\"noreferrer noopener\">https:\/\/doi.org\/10.1002\/eji.202451028<\/a>.<\/p>\n\n\n\n<p>[9]M.K. <strong>Zarobkiewicz<\/strong>, N. Lehman, W. Kowalska, I. D\u0105browska, A. Bojarska-Junak. \u201eExpression of CD226 on \u03b3\u03b4 T cells is lower in advanced chronic lymphocytic leukemia and correlates with IgA, IgG and LDH levels\u201d. Advances in Clinical and Experimental Medicine 34, 2 (2024). <a rel=\"noreferrer noopener\" href=\"https:\/\/doi.org\/10.17219\/acem\/186335\" target=\"_blank\">https:\/\/doi.org\/10.17219\/acem\/186335<\/a>.<\/p>\n\n\n\n<p>[10]A. Kaczynska, M. Klosinska, K. Janeczek, M. <strong>Zarobkiewicz<\/strong>, A. Emeryk, &#8220;Promising Immunomodulatory Effects of Bacterial Lysates in Allergic Diseases&#8221;, Front. Immunol. 13 (2022) 907149. <a href=\"https:\/\/doi.org\/10.3389\/fimmu.2022.907149\">https:\/\/doi.org\/10.3389\/fimmu.2022.907149<\/a>.<\/p>\n\n\n\n<p>[11]J. Dong, D. Holthaus, C. Peters, S. Koster, M. Ehsani, A. Quevedo-Olmos, H. Berger, M. <strong>Zarobkiewicz<\/strong>, M. Mangler, R.K. Gurumurthy, N. Hedemann, C. Chumduri, D. Kabelitz, T.F. Meyer, \u03b3\u03b4 T cell-mediated cytotoxicity against patient-derived healthy and cancer cervical organoids, Front. Immunol. 14 (2023) 1281646. <a href=\"https:\/\/doi.org\/10.3389\/fimmu.2023.1281646\">https:\/\/doi.org\/10.3389\/fimmu.2023.1281646<\/a>.<\/p>\n\n\n\n<p>[12]<strong>M. Zarobkiewicz<\/strong>, W. Kowalska, A. Szyma\u0144ska, N. Lehman, B. Kowalczyk, W. Tomczak, A. Bojarska-Junak. \u0393\u03b4 T Are Significantly Impacted by CLL Burden but Only Mildly Influenced by M-MDSCs. <em>Cancers<\/em> <em>17<\/em> (2025), 254, doi:<a href=\"https:\/\/doi.org\/10.3390\/cancers17020254\">10.3390\/cancers17020254<\/a>.<\/p>\n","protected":false},"excerpt":{"rendered":"<p>[1]K. Janeczek, W. Kowalska, M. Zarobkiewicz, D. Suszczyk, M. Miko\u0142ajczyk, E. Markut-Miot\u0142a, I. Morawska-Michalska, A. Bakiera, A. Tomczak, A. Kaczy\u0144ska, A. Emeryk, J. Roli\u0144ski, K. Piotrowska-Weryszko, Effect of immunostimulation with bacterial lysate on the clinical course of allergic rhinitis and the level of \u03b3\u03b4T, iNKT and cytotoxic T cells in children sensitized to grass pollen [&hellip;]<\/p>\n","protected":false},"author":1,"featured_media":0,"parent":0,"menu_order":0,"comment_status":"closed","ping_status":"closed","template":"","meta":[],"_links":{"self":[{"href":"http:\/\/www.gammadelta.pl\/index.php\/wp-json\/wp\/v2\/pages\/18"}],"collection":[{"href":"http:\/\/www.gammadelta.pl\/index.php\/wp-json\/wp\/v2\/pages"}],"about":[{"href":"http:\/\/www.gammadelta.pl\/index.php\/wp-json\/wp\/v2\/types\/page"}],"author":[{"embeddable":true,"href":"http:\/\/www.gammadelta.pl\/index.php\/wp-json\/wp\/v2\/users\/1"}],"replies":[{"embeddable":true,"href":"http:\/\/www.gammadelta.pl\/index.php\/wp-json\/wp\/v2\/comments?post=18"}],"version-history":[{"count":4,"href":"http:\/\/www.gammadelta.pl\/index.php\/wp-json\/wp\/v2\/pages\/18\/revisions"}],"predecessor-version":[{"id":172,"href":"http:\/\/www.gammadelta.pl\/index.php\/wp-json\/wp\/v2\/pages\/18\/revisions\/172"}],"wp:attachment":[{"href":"http:\/\/www.gammadelta.pl\/index.php\/wp-json\/wp\/v2\/media?parent=18"}],"curies":[{"name":"wp","href":"https:\/\/api.w.org\/{rel}","templated":true}]}}